g = g - 1043. Calculate the remainder when g is divided by 38.
35
Calculate the remainder when 16 is divided by (-1 - 0)*7*(-5 + 4).
2
Let r(z) = -z**3 + 3*z + 3. Let j be r(-2). Suppose -2*m + 3*y = -m - 53, 3*m = j*y + 159. Calculate the remainder when m is divided by 18.
17
Let h(i) = 4*i**2 + 3*i + 3. Let l(x) = -3*x - 7. What is the remainder when h(-2) is divided by l(-4)?
3
Let s be 33 + 0 - (-2 + 0). Suppose -s = -2*t - 3*t. Let r = 6 - -7. Calculate the remainder when r is divided by t.
6
Suppose 3*q - 6*q = -12. Suppose -2*m - 3*m = -2*o - 11, o = m + 2. Calculate the remainder when o is divided by q.
3
Let p(z) = z**2 + 2*z - 5. Calculate the remainder when 3 is divided by p(-4).
0
Let g(w) = -4*w - 2. Let t(p) = p - 2. Let f be t(-2). Let u be g(f). Suppose 102 = 4*d + u. Calculate the remainder when d is divided by 8.
6
Let n = -21 + 29. What is the remainder when 29 is divided by n?
5
Suppose 3*a - 28 = 2*a. Suppose -r - 3*l = -4*r - 45, 2*l = 5*r + 75. Let b = a + r. What is the remainder when b is divided by 7?
6
Let v = 7 - 17. What is the remainder when 21 is divided by 434/35 - (-4)/v?
9
Suppose 2*k + 0*k - 50 = 0. Calculate the remainder when k is divided by 18.
7
Let g(h) = h**2 + 5*h - 1. Calculate the remainder when g(5) is divided by 17.
15
Suppose 0 = z + 2*z - 60. Suppose -u - u + 74 = 0. Calculate the remainder when u is divided by z.
17
Calculate the remainder when 18/63 - (-780)/14 is divided by 15.
11
Suppose 2*g + 2 = t, -15 = t - 5*g - 2. Let f be (8/(-6))/((-1)/3). Suppose -f*z = -7*z + 66. Calculate the remainder when z is divided by t.
10
Suppose 5*l = -4*q + 154, -l = -q - 0*q - 38. What is the remainder when l is divided by 18?
16
Let w = -18 + 37. What is the remainder when 54 is divided by w?
16
Suppose 0 = -2*p - 49 + 13. Let i = 26 + p. Calculate the remainder when 22 is divided by i.
6
Suppose -3*q = 2*q - 75. Suppose 0 = y - 2*y + q. Let p(u) = -u**3 + 4*u**2 + u + 4. Calculate the remainder when y is divided by p(4).
7
Suppose 0 = 6*h - 39 - 81. Calculate the remainder when h is divided by 12.
8
Let z = 1 + -1. Let r(b) = b**2. Let i(a) = -4*a**2 + a - 7. Let n(w) = -i(w) - 5*r(w). What is the remainder when 13 is divided by n(z)?
6
What is the remainder when -5 + 6 - (-71 + -3) is divided by 13?
10
Let f = -144 + 157. Calculate the remainder when f is divided by 6.
1
Let m be (-1 - -1)*(-4)/4. Suppose 0 = -5*b - 4*d - d + 95, m = 2*b - 5*d - 52. What is the remainder when 82 is divided by b?
19
Suppose 4*y + 2*k - 462 = 0, y - 142 = -k - 24. Suppose 2*g - 3*g = -4*h + y, -5*h - 5*g + 160 = 0. What is the remainder when h is divided by 10?
9
Let v = -14 + 20. Suppose -2*u - v = 3*b + 2*b, 3*u - b - 8 = 0. Suppose h - 4 = -5*f - u, f = -5*h + 106. Calculate the remainder when 43 is divided by h.
21
Suppose 283 = 5*w + x, -w + 2*x = -27 - 23. Suppose 4*z = -2*s + 6*s + w, 37 = 3*z - 2*s. Calculate the remainder when 26 is divided by z.
8
Suppose -3*l - 9 = 0, -4*n + 168 = -l - 63. Suppose -5*y = -2*y - n. What is the remainder when y is divided by 7?
5
Let q(p) = -35*p**2 + 2*p + 1. Let l be q(-1). Let f = -18 - l. Calculate the remainder when 52 is divided by f.
16
Let f = -29 - -21. Suppose t + t = 4*s - 10, 5 = 2*t - s. Calculate the remainder when t is divided by ((-9)/(-6))/((-4)/f).
2
Suppose 30 = 5*y - 2*y. Calculate the remainder when (8/(-20))/(2/(-190)) is divided by y.
8
Suppose -3*j - 2*j = 350. Let y = j + 98. Suppose 0 = -4*k + 4*z + y, 0*z - z + 33 = 4*k. What is the remainder when 15 is divided by k?
7
Suppose -33 = -2*r + 19. What is the remainder when r is divided by 14?
12
Suppose 0 = 12*a - 15*a + 159. Calculate the remainder when a is divided by 14.
11
What is the remainder when 37 is divided by (2/4)/(7/182)?
11
Let r be (-123)/(-15) + 2/(-10). Let g(v) = -v**3 + 8*v**2 + v - 6. Calculate the remainder when 6 is divided by g(r).
0
Suppose 0 = -2*c + 3*c - 12. Calculate the remainder when 33 is divided by c.
9
Let h(r) = -r**2 + 49. Let a be h(0). Suppose -6 = -2*y, -2*u - y + a = -24. What is the remainder when u is divided by 12?
11
Suppose p = -4 + 5. What is the remainder when 35 is divided by (2/(-4))/(p/(-36))?
17
Suppose -66 = -3*o + 6*o. Let a = -11 - o. Calculate the remainder when a is divided by 4.
3
Suppose 2*n = -2*n + 104. Suppose 4*q = -s + 20, -s + q + 22 = 2. Calculate the remainder when n is divided by (-207)/(-15) + 4/s.
12
Let z = -7 + 10. Suppose 5 = -5*u + 3*s, 4*u - 4*s + 2 = -10. Calculate the remainder when (21/6)/(1/u) is divided by z.
1
Let m be 0*(-4 - -1)/(-3). Suppose 0 = 2*o - m*o - 4. Suppose -12 + 99 = 2*y - g, -o*g + 127 = 3*y. What is the remainder when y is divided by 15?
13
Suppose 14 = 4*p + 2*q, -2*p - 24 = -p - 5*q. Let z(n) = -n + 5. Suppose -9 = -5*w + 5*l + 26, w + 4*l = -8. Calculate the remainder when z(w) is divided by p.
0
Let z(r) = -r + 2. Let y be z(-7). Suppose -3*n + y = 0, 4*c + 7 + 2 = -5*n. Let k = c - -8. What is the remainder when 2 is divided by k?
0
Suppose -x = -4*j + 1, x - 4*j + 5 = -4*x. Let i = x + 3. Suppose 2*r - 14 = -i*u - 6, -5*u = -5. Calculate the remainder when 4 is divided by r.
1
Let n(u) = -u**3 + u**2 + 2*u - 4. What is the remainder when n(-3) is divided by 9?
8
Let z be 2/(16/18)*44. Calculate the remainder when 2*(2 - z/(-6)) is divided by 13.
11
Suppose -2*m - 3*m = 5*w - 330, -3*m - 9 = 0. Calculate the remainder when w is divided by 9.
6
Let j = 20 + -10. Suppose -4*a + 105 = -47. What is the remainder when a is divided by j?
8
Let y be (4 + -2)*6/4. Suppose 3*x + c - 128 = -23, y*x = -3*c + 105. Suppose -4*l + 74 = -l + 5*m, -4*m = -16. What is the remainder when x is divided by l?
17
Let f(r) = -7*r - 3. Let q(n) = n + 5. Let j be q(0). Suppose -3*o + j*o = 64. What is the remainder when o is divided by f(-2)?
10
Suppose -j - 5*d + 32 = -0*d, -j = 3*d - 32. Suppose 0 = -4*x - 12, 2*u = x + 7 + 2. Calculate the remainder when j is divided by (-2)/u*66/(-4).
10
Suppose -2*g + 7*g = -m - 8, g - 5*m - 14 = 0. What is the remainder when (g - -4) + -4 + 16 is divided by 4?
3
Suppose i = 4*i + 6. Let y = i + 3. Calculate the remainder when (-28)/(-154) - 9/(-11) is divided by y.
0
Let w = 138 - 53. What is the remainder when w is divided by 29?
27
Let k(n) = n + 5. Suppose -2*l + 0 + 4 = 0. Suppose 4*f - 24 = -l*t - 2*t, 0 = 2*t - 4*f. What is the remainder when 16 is divided by k(t)?
7
Let b(x) = -x**2 + 6*x + 4. Let a be b(7). Let m be 6/((3/1)/a). What is the remainder when (-1)/(-3) - 40/m is divided by 3?
1
Suppose 0*c = -c + 1134. Let f(y) = 2*y**2 + 8*y + 7. Calculate the remainder when 2/(-5) - c/(-35) is divided by f(-5).
15
Let g = 4 - 8. Let p(v) = v**3 - 5*v**2 + 9*v - 12. Let i be p(4). What is the remainder when ((-98)/i)/(1/g) is divided by 17?
15
What is the remainder when 20 is divided by ((-42)/(-49))/((-2)/(-28))?
8
Suppose -2*h + 2*p - 26 = 0, 4*p = -3*h + 3*p - 59. What is the remainder when 407/9 + 4/h is divided by 24?
21
Let u be 27/(-3)*4/(-6). Suppose u*w - 10 = w. Suppose 0 = w*c - 1 - 23. What is the remainder when 23 is divided by c?
11
Let o = -9 - -74. What is the remainder when o is divided by 17?
14
Let i = -29 + 47. Suppose 0 = 4*u - 36 - 4. What is the remainder when i is divided by u?
8
Let m(g) = 10*g**2 + 4*g**3 + g + g**3 - 6*g**3 + 1. Suppose 4*f = q + 125, 0*f - 58 = -2*f + 2*q. Calculate the remainder when f is divided by m(10).
10
Suppose -2*l + 4 = -0*l. Suppose -3*k + 200 = 4*a, -3*a = -l*a - 2*k - 39. Calculate the remainder when a is divided by 12.
11
Let k(r) = -11*r**3 + 2*r + 1. Let v(u) = 16*u**3 - 3*u**2 + 5*u**2 - u + 12*u**3. What is the remainder when v(1) is divided by k(-1)?
9
Let i(m) be the second derivative of m**4/6 - 2*m**3/3 - 3*m**2/2 - 3*m. Calculate the remainder when 25 is divided by i(4).
12
Suppose -2*y - 2 = -4*y. Calculate the remainder when 4 is divided by y.
0
Let c(g) = 2*g**3 - 4*g**2 + 2*g + 1. Suppose -2 + 0 = -2*r - 2*q, -5*q - 19 = -r. What is the remainder when (-108)/(-14) + r/14 is divided by c(2)?
3
Suppose 0 = -4*u + 38 + 26. Let n be (4/(-3))/(1/3). What is the remainder when u is divided by 1/(n/9)*-4?
7
Let p(o) = o**2 + 5*o - 3. Let v be p(-6). Suppose 0 = -0*l + v*l - 15. Calculate the remainder when 14 is divided